{"id":6,"date":"2018-10-26T10:04:27","date_gmt":"2018-10-26T08:04:27","guid":{"rendered":"https:\/\/kultura.koczala.pl\/gok\/?page_id=6"},"modified":"2025-01-03T08:53:22","modified_gmt":"2025-01-03T07:53:22","slug":"o-nas","status":"publish","type":"page","link":"https:\/\/kultura.koczala.pl\/gok\/o-nas\/","title":{"rendered":"O nas"},"content":{"rendered":"<p>Gminny O\u015brodek Kultury w Koczale jako instytucja kultury, posiadaj\u0105ca osobowo\u015b\u0107 prawn\u0105 istnieje dopiero od 2000 roku, ale powo\u0142any zosta\u0142 Uchwa\u0142\u0105 Gminnej Rady Narodowej\u00a0 dnia 18 marca 1977 roku. Jego pierwszym Dyrektorem by\u0142a Pani Janina Jankiewicz, kt\u00f3ra kierowa\u0142a o\u015brodkiem od jego powstania a\u017c do ko\u0144ca listopada 2005 roku. Jej nast\u0119pc\u0105 zosta\u0142 Pan Daniel Radziszewski, kt\u00f3ry pe\u0142ni\u0142 t\u0119 funkcj\u0119 do 30.06.2006 roku. Nast\u0119pnie przez ponad rok obowi\u0105zki Dyrektora pe\u0142ni\u0142a Pani Joanna Rudnik. Od 01.09.2007 do 29.08.2024\u00a0 roku Dyrektorem Gminnego O\u015brodka Kultury by\u0142a Pani Jolanta Sylwia Wysocka. Od 01.09.2024 Dyrektorem jest Pan Artur Radecki.<\/p>\n\n\n<p>Godziny pracy Gminnego O\u015brodka Kultury w Koczale:<\/p>\n\n\n\n<p><strong>PONIEDZIA\u0141EK \u2013 PI\u0104TEK 08.00 &#8211; 19.00<\/strong><\/p>\n\n\n\n<p><\/p>\n\n\n\n<p><\/p>\n","protected":false},"excerpt":{"rendered":"<p>Gminny O\u015brodek Kultury w Koczale jako instytucja kultury, posiadaj\u0105ca osobowo\u015b\u0107 prawn\u0105 istnieje dopiero od 2000 roku, ale powo\u0142any zosta\u0142 Uchwa\u0142\u0105 Gminnej Rady Narodowej\u00a0 dnia 18 marca 1977 roku. Jego pierwszym Dyrektorem by\u0142a Pani Janina Jankiewicz, kt\u00f3ra kierowa\u0142a o\u015brodkiem od jego powstania a\u017c do ko\u0144ca listopada 2005 roku. Jej nast\u0119pc\u0105 zosta\u0142 Pan Daniel Radziszewski, kt\u00f3ry pe\u0142ni\u0142 t\u0119 funkcj\u0119 do 30.06.2006 roku. Nast\u0119pnie przez ponad rok obowi\u0105zki Dyrektora pe\u0142ni\u0142a Pani Joanna Rudnik. Od [&#8230;]<\/p>\n","protected":false},"author":1,"featured_media":0,"parent":0,"menu_order":0,"comment_status":"closed","ping_status":"closed","template":"","meta":{"footnotes":""},"_links":{"self":[{"href":"https:\/\/kultura.koczala.pl\/gok\/wp-json\/wp\/v2\/pages\/6"}],"collection":[{"href":"https:\/\/kultura.koczala.pl\/gok\/wp-json\/wp\/v2\/pages"}],"about":[{"href":"https:\/\/kultura.koczala.pl\/gok\/wp-json\/wp\/v2\/types\/page"}],"author":[{"embeddable":true,"href":"https:\/\/kultura.koczala.pl\/gok\/wp-json\/wp\/v2\/users\/1"}],"replies":[{"embeddable":true,"href":"https:\/\/kultura.koczala.pl\/gok\/wp-json\/wp\/v2\/comments?post=6"}],"version-history":[{"count":8,"href":"https:\/\/kultura.koczala.pl\/gok\/wp-json\/wp\/v2\/pages\/6\/revisions"}],"predecessor-version":[{"id":1234,"href":"https:\/\/kultura.koczala.pl\/gok\/wp-json\/wp\/v2\/pages\/6\/revisions\/1234"}],"wp:attachment":[{"href":"https:\/\/kultura.koczala.pl\/gok\/wp-json\/wp\/v2\/media?parent=6"}],"curies":[{"name":"wp","href":"https:\/\/api.w.org\/{rel}","templated":true}]}}