{"id":1272,"date":"2025-07-28T09:04:17","date_gmt":"2025-07-28T07:04:17","guid":{"rendered":"https:\/\/kultura.koczala.pl\/gok\/?page_id=1272"},"modified":"2025-10-29T12:34:01","modified_gmt":"2025-10-29T11:34:01","slug":"projekt-mkidn","status":"publish","type":"page","link":"https:\/\/kultura.koczala.pl\/gok\/projekt-mkidn\/","title":{"rendered":"Projekt MKiDN 2025"},"content":{"rendered":"\n<figure class=\"wp-block-image size-large\"><a href=\"https:\/\/kultura.koczala.pl\/gok\/wp-content\/uploads\/sites\/4\/2025\/10\/na111-.jpg\"><img loading=\"lazy\" decoding=\"async\" width=\"1024\" height=\"826\" src=\"https:\/\/kultura.koczala.pl\/gok\/wp-content\/uploads\/sites\/4\/2025\/10\/na111--1024x826.jpg\" alt=\"\" class=\"wp-image-1326\" srcset=\"https:\/\/kultura.koczala.pl\/gok\/wp-content\/uploads\/sites\/4\/2025\/10\/na111--1024x826.jpg 1024w, https:\/\/kultura.koczala.pl\/gok\/wp-content\/uploads\/sites\/4\/2025\/10\/na111--300x242.jpg 300w, https:\/\/kultura.koczala.pl\/gok\/wp-content\/uploads\/sites\/4\/2025\/10\/na111--768x620.jpg 768w, https:\/\/kultura.koczala.pl\/gok\/wp-content\/uploads\/sites\/4\/2025\/10\/na111--1536x1239.jpg 1536w, https:\/\/kultura.koczala.pl\/gok\/wp-content\/uploads\/sites\/4\/2025\/10\/na111--2048x1652.jpg 2048w\" sizes=\"(max-width: 1024px) 100vw, 1024px\" \/><\/a><\/figure>\n\n\n\n<figure class=\"wp-block-image size-large is-resized\"><a href=\"https:\/\/kultura.koczala.pl\/gok\/wp-content\/uploads\/sites\/4\/2025\/07\/doc01349420250728085543_001-2.jpg\"><img loading=\"lazy\" decoding=\"async\" width=\"1024\" height=\"899\" src=\"https:\/\/kultura.koczala.pl\/gok\/wp-content\/uploads\/sites\/4\/2025\/07\/doc01349420250728085543_001-2-1024x899.jpg\" alt=\"\" class=\"wp-image-1273\" style=\"width:840px;height:auto\" srcset=\"https:\/\/kultura.koczala.pl\/gok\/wp-content\/uploads\/sites\/4\/2025\/07\/doc01349420250728085543_001-2-1024x899.jpg 1024w, https:\/\/kultura.koczala.pl\/gok\/wp-content\/uploads\/sites\/4\/2025\/07\/doc01349420250728085543_001-2-300x263.jpg 300w, https:\/\/kultura.koczala.pl\/gok\/wp-content\/uploads\/sites\/4\/2025\/07\/doc01349420250728085543_001-2-768x674.jpg 768w, https:\/\/kultura.koczala.pl\/gok\/wp-content\/uploads\/sites\/4\/2025\/07\/doc01349420250728085543_001-2-1536x1349.jpg 1536w, https:\/\/kultura.koczala.pl\/gok\/wp-content\/uploads\/sites\/4\/2025\/07\/doc01349420250728085543_001-2-2048x1799.jpg 2048w\" sizes=\"(max-width: 1024px) 100vw, 1024px\" \/><\/a><\/figure>\n\n\n\n<p>Gminny O\u015brodek Kultury w Koczale otrzyma\u0142 dofinansowanie w ramach programu rz\u0105dowego Infrastruktura dom\u00f3w kultury 2025 ze \u015brodk\u00f3w finansowych Ministra Kultury i Dziedzictwa Narodowego pochodz\u0105cych z Funduszu Promocji Kultury w kwocie 66 000,00z\u0142 na wykonanie zadania &#8222;Zakup nowoczesnego wyposa\u017cenia sali widowiskowej popraw\u0105 funkcjonalno\u015bci Gminnego O\u015brodka Kultury w Koczale&#8221;. Ca\u0142kowity koszt zadania 83 108,23z\u0142.<\/p>\n","protected":false},"excerpt":{"rendered":"<p><a href=\"https:\/\/kultura.koczala.pl\/gok\/wp-content\/uploads\/sites\/4\/2025\/10\/na111-.jpg\"><\/a> <a href=\"https:\/\/kultura.koczala.pl\/gok\/wp-content\/uploads\/sites\/4\/2025\/07\/doc01349420250728085543_001-2.jpg\"><\/a> <\/p>\n<p>Gminny O\u015brodek Kultury w Koczale otrzyma\u0142 dofinansowanie w ramach programu rz\u0105dowego Infrastruktura dom\u00f3w kultury 2025 ze \u015brodk\u00f3w finansowych Ministra Kultury i Dziedzictwa Narodowego pochodz\u0105cych z Funduszu Promocji Kultury w kwocie 66 000,00z\u0142 na wykonanie zadania &#8222;Zakup nowoczesnego wyposa\u017cenia sali widowiskowej popraw\u0105 funkcjonalno\u015bci Gminnego O\u015brodka Kultury w Koczale&#8221;. Ca\u0142kowity koszt zadania 83 108,23z\u0142.<\/p>\n","protected":false},"author":3,"featured_media":0,"parent":0,"menu_order":0,"comment_status":"closed","ping_status":"closed","template":"","meta":{"footnotes":""},"_links":{"self":[{"href":"https:\/\/kultura.koczala.pl\/gok\/wp-json\/wp\/v2\/pages\/1272"}],"collection":[{"href":"https:\/\/kultura.koczala.pl\/gok\/wp-json\/wp\/v2\/pages"}],"about":[{"href":"https:\/\/kultura.koczala.pl\/gok\/wp-json\/wp\/v2\/types\/page"}],"author":[{"embeddable":true,"href":"https:\/\/kultura.koczala.pl\/gok\/wp-json\/wp\/v2\/users\/3"}],"replies":[{"embeddable":true,"href":"https:\/\/kultura.koczala.pl\/gok\/wp-json\/wp\/v2\/comments?post=1272"}],"version-history":[{"count":4,"href":"https:\/\/kultura.koczala.pl\/gok\/wp-json\/wp\/v2\/pages\/1272\/revisions"}],"predecessor-version":[{"id":1328,"href":"https:\/\/kultura.koczala.pl\/gok\/wp-json\/wp\/v2\/pages\/1272\/revisions\/1328"}],"wp:attachment":[{"href":"https:\/\/kultura.koczala.pl\/gok\/wp-json\/wp\/v2\/media?parent=1272"}],"curies":[{"name":"wp","href":"https:\/\/api.w.org\/{rel}","templated":true}]}}