{"id":16,"date":"2018-10-26T09:40:54","date_gmt":"2018-10-26T07:40:54","guid":{"rendered":"https:\/\/kultura.koczala.pl\/biblioteka\/?page_id=16"},"modified":"2019-09-18T16:03:31","modified_gmt":"2019-09-18T14:03:31","slug":"polityka-prywatnosci","status":"publish","type":"page","link":"https:\/\/kultura.koczala.pl\/biblioteka\/polityka-prywatnosci\/","title":{"rendered":"Polityka prywatno\u015bci"},"content":{"rendered":"<p>Drogi Internauto odwiedzaj\u0105cy stron\u0119 internetow\u0105: <a href=\"https:\/\/www.kultura.koczala.pl\/biblioteka\/\">www.kultura.koczala.pl\/biblioteka\/<\/a> informujemy, i\u017c szanujemy Twoj\u0105 prywatno\u015b\u0107. Twoje dane s\u0105 bezpieczne! Respektujemy ustaw\u0119 o ochronie danych osobowych. Zobowi\u0105zujemy si\u0119 do zachowania bezpiecze\u0144stwa i poufno\u015bci pozyskanych danych osobowych.<\/p>\n<p>Polityka ochrony danych osobowych zosta\u0142a opracowana na podstawie Rozporz\u0105dzenia Parlamentu Europejskiego i Rady 2016\/679 z dnia 27 kwietnia 2016 r. w sprawie ochrony os\u00f3b fizycznych w zwi\u0105zku z przetwarzaniem danych osobowych i w sprawie swobodnego przep\u0142ywu takich danych oraz uchylenia dyrektywy 95\/46\/WE.<\/p>\n<p><strong>Administracja i gromadzenie danych\u00a0 <\/strong><\/p>\n<ol>\n<li>Administratorem strony <a href=\"https:\/\/www.kultura.koczala.pl\/biblioteka\/\">www.kultura.koczala.pl\/biblioteka\/<\/a> jest Gminna Biblioteka Publiczna z siedzib\u0105 w Koczale przy ul. Zielonej 2, NIP 843-14-67-149.<\/li>\n<li>U\u017cytkownicy korzystaj\u0105cy z serwisu pozostaj\u0105 anonimowi.<\/li>\n<li>Wynikaj\u0105ce z og\u00f3lnych zasad po\u0142\u0105cze\u0144 realizowanych w Internecie informacje zawarte w logach systemowych (np. adres IP) s\u0105 wykorzystywane na bie\u017c\u0105co w celach zwi\u0105zanych z administracj\u0105 serwerem. Informacje te nie podlegaj\u0105 archiwizacji.<\/li>\n<li>Serwis nie wymaga rejestracji.<\/li>\n<li>Serwis nie zbiera w spos\u00f3b automatyczny \u017cadnych informacji, z wyj\u0105tkiem informacji zawartych w plikach cookies.<\/li>\n<li>Pliki cookies (tzw. \u201eciasteczka\u201d) stanowi\u0105 dane informatyczne, kt\u00f3re przechowywane s\u0105 w urz\u0105dzeniu ko\u0144cowym U\u017cytkownika Serwisu w celach statystycznych, czyli po to, aby zweryfikowa\u0107, kt\u00f3re cz\u0119\u015bci naszej witryny ciesz\u0105 si\u0119 najwi\u0119ksz\u0105 popularno\u015bci\u0105. Cookies nie zawieraj\u0105 \u017cadnych danych osobowych.<\/li>\n<li>Ograniczenie stosowania plik\u00f3w cookies mo\u017ce wp\u0142yn\u0105\u0107 na niekt\u00f3re funkcjonalno\u015bci dost\u0119pne w Serwisie.<\/li>\n<li>Korzystaj\u0105c z niniejszej strony U\u017cytkownik wyra\u017ca zgod\u0119 na przedstawione zasady.<\/li>\n<li>Gminna Biblioteka Publiczna w Koczale zastrzega sobie prawo zmiany niniejszej Polityki prywatno\u015bci poprzez opublikowanie nowej polityki prywatno\u015bci na tej stronie.<\/li>\n<\/ol>\n<p><strong>Informacja o przetwarzaniu danych osobowych w Gminnej Bibliotece Publicznej w Koczale<\/strong><\/p>\n<p><strong>KTO JEST ADMINISTRATOREM TWOICH DANYCH OSOBOWYCH<\/strong><\/p>\n<p>Gminna Biblioteka Publiczna w Koczale z siedzib\u0105 w Koczale (77-220) ul. Zielona 2.<\/p>\n<p><strong>JAK MO\u017bNA SI\u0118 SKONTAKTOWA\u0106 Z INSPEKTOREM DANYCH OSOBOWYCH<\/strong><\/p>\n<p>Z inspektorem ochrony danych mo\u017cna si\u0119 skontaktowa\u0107 pisz\u0105c na adres poczty elektronicznej <a href=\"mailto:a.jankiewicz@koczala.pl\">a.jankiewicz@koczala.pl<\/a><\/p>\n<p><strong>W JAKICH CELACH PRZETWARZAMY TWOJE DANE OSOBOWE?<\/strong><\/p>\n<p>Przetwarzamy Twoje dane osobowe, aby:<\/p>\n<ul>\n<li>wykonywa\u0107 zadania realizowane przez Gminn\u0105 Bibliotek\u0119 Publiczn\u0105 w Koczale.<\/li>\n<li>podpisa\u0107 i realizowa\u0107 umow\u0119 kt\u00f3rej jeste\u015b stron\u0105,<\/li>\n<li>dope\u0142ni\u0107 obowi\u0105zk\u00f3w, kt\u00f3re wynikaj\u0105 z przepis\u00f3w prawa.<\/li>\n<\/ul>\n<p><strong>JAKA JEST PODSTAWA PRAWNA PRZETWARZANIA TWOICH DANYCH OSOBOWYCH?<\/strong><\/p>\n<ul>\n<li>art. 6 ust. 1 lit. a RODO gdy, wyrazisz zgod\u0119 na przetwarzanie swoich danych osobowych<\/li>\n<\/ul>\n<p>w jednym lub wi\u0119kszej liczbie okre\u015blonych cel\u00f3w;<\/p>\n<ul>\n<li>art. 6 ust. 1 lit. b RODO gdy przetwarzanie Twoich danych jest niezb\u0119dne do wykonania umowy, kt\u00f3rej jeste\u015b stron\u0105, lub do podj\u0119cia dzia\u0142a\u0144 na Twoje \u017c\u0105danie przed zawarciem umowy;<\/li>\n<li>art. 6 ust. 1 lit. c RODO gdy przetwarzanie jest niezb\u0119dne do wype\u0142nienia obowi\u0105zku prawnego ci\u0105\u017c\u0105cego na Gminnej Bibliotece Publicznej w Koczale;<\/li>\n<li>art. 6 ust. 1 lit. e RODO gdy przetwarzanie jest niezb\u0119dne do wykonania zadania realizowanego przez Gminn\u0105 Bibliotek\u0119 Publiczn\u0105 w Koczale w interesie publicznym.<\/li>\n<\/ul>\n<p><strong>JAK D\u0141UGO B\u0118DZIEMY PRZECHOWYWA\u0106 DANE OSOBOWE?<\/strong><\/p>\n<p>Dane osobowe b\u0119d\u0105 przechowywane przez okres niezb\u0119dny do realizacji cel\u00f3w okre\u015blonych wy\u017cej, a po tym \u00a0czasie przez okres oraz w zakresie wymaganym przez przepisy powszechnie obowi\u0105zuj\u0105cego prawa.<\/p>\n<p><strong>JAKIE S\u0104 TWOJE PRAWA ZWI\u0104ZANE Z PRZETWARZANIEM DANYCH OSOBOWYCH?<\/strong><\/p>\n<p>W konkretnych przypadkach okre\u015blonych w RODO masz prawo:<\/p>\n<ul>\n<li>dost\u0119pu do tre\u015bci danych osobowych, w tym uzyskania kopii danych;<\/li>\n<li>do \u017c\u0105dania sprostowania lub uzupe\u0142nienia danych osobowych;<\/li>\n<li>do \u017c\u0105dania usuni\u0119cia danych osobowych w przypadkach przewidzianych prawem,<\/li>\n<li>do \u017c\u0105dania ograniczenia przetwarzania danych osobowych;<\/li>\n<li>prawo do przenoszenia danych;<\/li>\n<li>do wyra\u017cenia sprzeciwu wobec przetwarzania danych osobowych, w przypadku przetwarzania danych na podstawie prawnie uzasadnionego interesu;<\/li>\n<li>w przypadku gdy przetwarzanie danych osobowych odbywa si\u0119 na podstawie zgody, przys\u0142uguje Tobie prawo do cofni\u0119cia tej zgody w dowolnym momencie bez wp\u0142ywu na zgodno\u015b\u0107 z prawem przetwarzania, kt\u00f3rego dokonano na podstawie zgody przed jej cofni\u0119ciem.<\/li>\n<\/ul>\n<p>Wnioski w sprawie realizacji Twoich praw dotycz\u0105cych danych osobowych mo\u017cesz z\u0142o\u017cy\u0107 elektronicznie na adres mailowy: <a href=\"mailto:a.jankiewicz@koczala.pl\">a.jankiewicz@koczala.pl<\/a> .<\/p>\n<p><strong>\u00a0<\/strong><\/p>\n<p><strong>GDZIE MO\u017bESZ WNIE\u015a\u0106 SKARG\u0118, JE\u015aLI UZNASZ, \u017bE TWOJE PRAWA ZOSTA\u0141Y NARUSZONE?<\/strong><\/p>\n<p>W przypadku uznania, i\u017c przetwarzanie przez Gminn\u0105 Bibliotek\u0119 Publiczn\u0105 w Koczale danych osobowych narusza przepisy, przys\u0142uguje Tobie prawo do wniesienia skargi do organu nadzorczego, zajmuj\u0105cego si\u0119 ochron\u0105 danych osobowych \u2013 Prezesa Urz\u0119du Ochrony Danych Osobowych.<\/p>\n<p><strong>INFORMUJEMY R\u00d3WNIE\u017b, I\u017b:<\/strong><\/p>\n<p>na naszej stronie internetowej s\u0105 zamieszczone odno\u015bniki \u2013 linki do innych stron.<\/p>\n<p>Nie mo\u017cemy ponosi\u0107 odpowiedzialno\u015bci za zasady zachowania i post\u0119powania w ochronie prywatno\u015bci na tych stronach. Zach\u0119camy do zapoznania si\u0119 z politykami prywatno\u015bci po przej\u015bciu na te strony. Niniejsza polityka prywatno\u015bci dotyczy tylko i wy\u0142\u0105cznie strony internetowej, kt\u00f3rej w\u0142a\u015bcicielem jest Gminna Biblioteka Publiczna w Koczale.<\/p>\n","protected":false},"excerpt":{"rendered":"<p>Drogi Internauto odwiedzaj\u0105cy stron\u0119 internetow\u0105: <a href=\"https:\/\/www.kultura.koczala.pl\/biblioteka\/\">www.kultura.koczala.pl\/biblioteka\/<\/a> informujemy, i\u017c szanujemy Twoj\u0105 prywatno\u015b\u0107. Twoje dane s\u0105 bezpieczne! Respektujemy ustaw\u0119 o ochronie danych osobowych. Zobowi\u0105zujemy si\u0119 do zachowania bezpiecze\u0144stwa i poufno\u015bci pozyskanych danych osobowych.<\/p>\n<p>Polityka ochrony danych osobowych zosta\u0142a opracowana na podstawie Rozporz\u0105dzenia Parlamentu Europejskiego i Rady 2016\/679 z dnia 27 kwietnia 2016 r. w sprawie ochrony os\u00f3b fizycznych w zwi\u0105zku z przetwarzaniem danych osobowych i w sprawie swobodnego przep\u0142ywu takich danych oraz [&#8230;]<\/p>\n","protected":false},"author":1,"featured_media":0,"parent":0,"menu_order":0,"comment_status":"closed","ping_status":"closed","template":"","meta":{"footnotes":""},"_links":{"self":[{"href":"https:\/\/kultura.koczala.pl\/biblioteka\/wp-json\/wp\/v2\/pages\/16"}],"collection":[{"href":"https:\/\/kultura.koczala.pl\/biblioteka\/wp-json\/wp\/v2\/pages"}],"about":[{"href":"https:\/\/kultura.koczala.pl\/biblioteka\/wp-json\/wp\/v2\/types\/page"}],"author":[{"embeddable":true,"href":"https:\/\/kultura.koczala.pl\/biblioteka\/wp-json\/wp\/v2\/users\/1"}],"replies":[{"embeddable":true,"href":"https:\/\/kultura.koczala.pl\/biblioteka\/wp-json\/wp\/v2\/comments?post=16"}],"version-history":[{"count":5,"href":"https:\/\/kultura.koczala.pl\/biblioteka\/wp-json\/wp\/v2\/pages\/16\/revisions"}],"predecessor-version":[{"id":81,"href":"https:\/\/kultura.koczala.pl\/biblioteka\/wp-json\/wp\/v2\/pages\/16\/revisions\/81"}],"wp:attachment":[{"href":"https:\/\/kultura.koczala.pl\/biblioteka\/wp-json\/wp\/v2\/media?parent=16"}],"curies":[{"name":"wp","href":"https:\/\/api.w.org\/{rel}","templated":true}]}}