{"id":287,"date":"2021-04-27T14:16:02","date_gmt":"2021-04-27T12:16:02","guid":{"rendered":"https:\/\/kultura.koczala.pl\/biblioteka\/?post_type=aktualnosci&#038;p=287"},"modified":"2021-04-27T14:16:02","modified_gmt":"2021-04-27T12:16:02","slug":"nieczynne-30-03-03-05","status":"publish","type":"aktualnosci","link":"https:\/\/kultura.koczala.pl\/biblioteka\/aktualnosci\/nieczynne-30-03-03-05\/","title":{"rendered":"Nieczynne 30.03.-03.05."},"content":{"rendered":"\n<p>Drodzy Czytelnicy!<\/p>\n\n\n\n<p>Informujemy, \u017ce w dniach 30.04.-03.05. (pt-pn) Biblioteka b\u0119dzie nieczynna.<\/p>\n\n\n\n<p>\u017byczymy wszystkim pogodnej, spokojnej i bezpiecznej maj\u00f3wki.<\/p>\n\n\n\n<p>PS. Koniecznie zajrzyjcie&nbsp; 1. maja do naszego zestawienia literatury regionalnej pt. Poznaj swoj\u0105 ma\u0142\u0105 ojczyzn\u0119 &#8211; dost\u0119pne w katalogu online, stronie www i naszym fb.<\/p>\n\n\n\n<p>*30.04. &#8211; wolne za \u015bwi\u0119to przydaj\u0105ce w dzie\u0144 wolny od pracy<\/p>\n\n\n\n<figure class=\"wp-block-image size-large\"><img loading=\"lazy\" decoding=\"async\" width=\"1000\" height=\"707\" src=\"https:\/\/kultura.koczala.pl\/biblioteka\/wp-content\/uploads\/sites\/3\/2021\/04\/a4-kartka-na-drzwi-maj-2.jpg\" alt=\"\" class=\"wp-image-288\" srcset=\"https:\/\/kultura.koczala.pl\/biblioteka\/wp-content\/uploads\/sites\/3\/2021\/04\/a4-kartka-na-drzwi-maj-2.jpg 1000w, https:\/\/kultura.koczala.pl\/biblioteka\/wp-content\/uploads\/sites\/3\/2021\/04\/a4-kartka-na-drzwi-maj-2-300x212.jpg 300w, https:\/\/kultura.koczala.pl\/biblioteka\/wp-content\/uploads\/sites\/3\/2021\/04\/a4-kartka-na-drzwi-maj-2-768x543.jpg 768w\" sizes=\"(max-width: 1000px) 100vw, 1000px\" \/><\/figure>\n","protected":false},"author":2,"featured_media":288,"parent":0,"template":"","_links":{"self":[{"href":"https:\/\/kultura.koczala.pl\/biblioteka\/wp-json\/wp\/v2\/aktualnosci\/287"}],"collection":[{"href":"https:\/\/kultura.koczala.pl\/biblioteka\/wp-json\/wp\/v2\/aktualnosci"}],"about":[{"href":"https:\/\/kultura.koczala.pl\/biblioteka\/wp-json\/wp\/v2\/types\/aktualnosci"}],"author":[{"embeddable":true,"href":"https:\/\/kultura.koczala.pl\/biblioteka\/wp-json\/wp\/v2\/users\/2"}],"version-history":[{"count":1,"href":"https:\/\/kultura.koczala.pl\/biblioteka\/wp-json\/wp\/v2\/aktualnosci\/287\/revisions"}],"predecessor-version":[{"id":289,"href":"https:\/\/kultura.koczala.pl\/biblioteka\/wp-json\/wp\/v2\/aktualnosci\/287\/revisions\/289"}],"wp:featuredmedia":[{"embeddable":true,"href":"https:\/\/kultura.koczala.pl\/biblioteka\/wp-json\/wp\/v2\/media\/288"}],"wp:attachment":[{"href":"https:\/\/kultura.koczala.pl\/biblioteka\/wp-json\/wp\/v2\/media?parent=287"}],"curies":[{"name":"wp","href":"https:\/\/api.w.org\/{rel}","templated":true}]}}

<p>Drodzy Czytelnicy!</p>



<p>Informujemy, że w dniach 30.04.-03.05. (pt-pn) Biblioteka będzie nieczynna.</p>



<p>Życzymy wszystkim pogodnej, spokojnej i bezpiecznej majówki.</p>



<p>PS. Koniecznie zajrzyjcie&nbsp; 1. maja do naszego zestawienia literatury regionalnej pt. Poznaj swoją małą ojczyznę &#8211; dostępne w katalogu online, stronie www i naszym fb.</p>



<p>*30.04. &#8211; wolne za święto przydające w dzień wolny od pracy</p>



<figure class="wp-block-image size-large"><img loading="lazy" decoding="async" width="1000" height="707" src="https://kultura.koczala.pl/biblioteka/wp-content/uploads/sites/3/2021/04/a4-kartka-na-drzwi-maj-2.jpg" alt="" class="wp-image-288" srcset="https://kultura.koczala.pl/biblioteka/wp-content/uploads/sites/3/2021/04/a4-kartka-na-drzwi-maj-2.jpg 1000w, https://kultura.koczala.pl/biblioteka/wp-content/uploads/sites/3/2021/04/a4-kartka-na-drzwi-maj-2-300x212.jpg 300w, https://kultura.koczala.pl/biblioteka/wp-content/uploads/sites/3/2021/04/a4-kartka-na-drzwi-maj-2-768x543.jpg 768w" sizes="(max-width: 1000px) 100vw, 1000px" /></figure>
