{"id":274,"date":"2021-03-31T13:13:39","date_gmt":"2021-03-31T11:13:39","guid":{"rendered":"https:\/\/kultura.koczala.pl\/biblioteka\/?post_type=aktualnosci&#038;p=274"},"modified":"2021-03-31T13:13:39","modified_gmt":"2021-03-31T11:13:39","slug":"sobota-3-kwietnia-nieczynne","status":"publish","type":"aktualnosci","link":"https:\/\/kultura.koczala.pl\/biblioteka\/aktualnosci\/sobota-3-kwietnia-nieczynne\/","title":{"rendered":"Sobota 3 kwietnia! Nieczynne!"},"content":{"rendered":"\n<p>Uwaga!<\/p>\n\n\n\n<p>Informujemy, \u017ce dnia 3 kwietnia (sobota) Biblioteka w Koczale b\u0119dzie nieczynna (wolne za dzie\u0144 \u015bwi\u0105teczny). Zapraszamy ponownie 6 kwietnia i jednocze\u015bnie \u017cyczymy wszystkim naszym czytelnikom zdrowych, spokojnych i rodzinnych \u015awi\u0105t.<\/p>\n\n\n\n<figure class=\"wp-block-image size-large\"><img loading=\"lazy\" decoding=\"async\" width=\"1024\" height=\"724\" src=\"https:\/\/kultura.koczala.pl\/biblioteka\/wp-content\/uploads\/sites\/3\/2021\/03\/a4-kartka-na-drzwi-wiel2-1024x724.jpg\" alt=\"\" class=\"wp-image-275\" srcset=\"https:\/\/kultura.koczala.pl\/biblioteka\/wp-content\/uploads\/sites\/3\/2021\/03\/a4-kartka-na-drzwi-wiel2-1024x724.jpg 1024w, https:\/\/kultura.koczala.pl\/biblioteka\/wp-content\/uploads\/sites\/3\/2021\/03\/a4-kartka-na-drzwi-wiel2-300x212.jpg 300w, https:\/\/kultura.koczala.pl\/biblioteka\/wp-content\/uploads\/sites\/3\/2021\/03\/a4-kartka-na-drzwi-wiel2-768x543.jpg 768w, https:\/\/kultura.koczala.pl\/biblioteka\/wp-content\/uploads\/sites\/3\/2021\/03\/a4-kartka-na-drzwi-wiel2-1536x1086.jpg 1536w, https:\/\/kultura.koczala.pl\/biblioteka\/wp-content\/uploads\/sites\/3\/2021\/03\/a4-kartka-na-drzwi-wiel2.jpg 2000w\" sizes=\"(max-width: 1024px) 100vw, 1024px\" \/><\/figure>\n","protected":false},"author":2,"featured_media":275,"parent":0,"template":"","_links":{"self":[{"href":"https:\/\/kultura.koczala.pl\/biblioteka\/wp-json\/wp\/v2\/aktualnosci\/274"}],"collection":[{"href":"https:\/\/kultura.koczala.pl\/biblioteka\/wp-json\/wp\/v2\/aktualnosci"}],"about":[{"href":"https:\/\/kultura.koczala.pl\/biblioteka\/wp-json\/wp\/v2\/types\/aktualnosci"}],"author":[{"embeddable":true,"href":"https:\/\/kultura.koczala.pl\/biblioteka\/wp-json\/wp\/v2\/users\/2"}],"version-history":[{"count":1,"href":"https:\/\/kultura.koczala.pl\/biblioteka\/wp-json\/wp\/v2\/aktualnosci\/274\/revisions"}],"predecessor-version":[{"id":276,"href":"https:\/\/kultura.koczala.pl\/biblioteka\/wp-json\/wp\/v2\/aktualnosci\/274\/revisions\/276"}],"wp:featuredmedia":[{"embeddable":true,"href":"https:\/\/kultura.koczala.pl\/biblioteka\/wp-json\/wp\/v2\/media\/275"}],"wp:attachment":[{"href":"https:\/\/kultura.koczala.pl\/biblioteka\/wp-json\/wp\/v2\/media?parent=274"}],"curies":[{"name":"wp","href":"https:\/\/api.w.org\/{rel}","templated":true}]}}

<p>Uwaga!</p>



<p>Informujemy, że dnia 3 kwietnia (sobota) Biblioteka w Koczale będzie nieczynna (wolne za dzień świąteczny). Zapraszamy ponownie 6 kwietnia i jednocześnie życzymy wszystkim naszym czytelnikom zdrowych, spokojnych i rodzinnych Świąt.</p>



<figure class="wp-block-image size-large"><img loading="lazy" decoding="async" width="1024" height="724" src="https://kultura.koczala.pl/biblioteka/wp-content/uploads/sites/3/2021/03/a4-kartka-na-drzwi-wiel2-1024x724.jpg" alt="" class="wp-image-275" srcset="https://kultura.koczala.pl/biblioteka/wp-content/uploads/sites/3/2021/03/a4-kartka-na-drzwi-wiel2-1024x724.jpg 1024w, https://kultura.koczala.pl/biblioteka/wp-content/uploads/sites/3/2021/03/a4-kartka-na-drzwi-wiel2-300x212.jpg 300w, https://kultura.koczala.pl/biblioteka/wp-content/uploads/sites/3/2021/03/a4-kartka-na-drzwi-wiel2-768x543.jpg 768w, https://kultura.koczala.pl/biblioteka/wp-content/uploads/sites/3/2021/03/a4-kartka-na-drzwi-wiel2-1536x1086.jpg 1536w, https://kultura.koczala.pl/biblioteka/wp-content/uploads/sites/3/2021/03/a4-kartka-na-drzwi-wiel2.jpg 2000w" sizes="(max-width: 1024px) 100vw, 1024px" /></figure>
