{"id":271,"date":"2021-03-31T13:11:12","date_gmt":"2021-03-31T11:11:12","guid":{"rendered":"https:\/\/kultura.koczala.pl\/biblioteka\/?post_type=aktualnosci&#038;p=271"},"modified":"2021-03-31T13:11:12","modified_gmt":"2021-03-31T11:11:12","slug":"narodowy-spis-powszechny-2021","status":"publish","type":"aktualnosci","link":"https:\/\/kultura.koczala.pl\/biblioteka\/aktualnosci\/narodowy-spis-powszechny-2021\/","title":{"rendered":"Narodowy Spis Powszechny 2021"},"content":{"rendered":"\n<p><strong><em>1 kwietnia w ca\u0142ej Polsce rozpoczyna si\u0119 Narodowy Spis Powszechny Ludno\u015bci i Mieszka\u0144. <\/em><\/strong><em>Podstawow\u0105 form\u0105 udzia\u0142u w spisie jest <strong>samospis internetowy<\/strong>. Wystarczy wej\u015b\u0107 na stron\u0119 <a href=\"https:\/\/spis.gov.pl\/\">spis.gov.pl<\/a> i wype\u0142ni\u0107 elektroniczny formularz. Na tej stronie podany jest r\u00f3wnie\u017c numer telefonu na infolini\u0119, gdzie mo\u017cna uzyska\u0107 dodatkowe informacje lub dokona\u0107 spisu przez telefon. <strong>Udzia\u0142 w spisie jest obowi\u0105zkowy<\/strong> i obejmuje wszystkich mieszka\u0144c\u00f3w.<\/em><\/p>\n\n\n\n<figure class=\"wp-block-image size-large\"><img loading=\"lazy\" decoding=\"async\" width=\"1024\" height=\"536\" src=\"https:\/\/kultura.koczala.pl\/biblioteka\/wp-content\/uploads\/sites\/3\/2021\/03\/grafika-nr-3-1024x536.jpg\" alt=\"\" class=\"wp-image-272\" srcset=\"https:\/\/kultura.koczala.pl\/biblioteka\/wp-content\/uploads\/sites\/3\/2021\/03\/grafika-nr-3-1024x536.jpg 1024w, https:\/\/kultura.koczala.pl\/biblioteka\/wp-content\/uploads\/sites\/3\/2021\/03\/grafika-nr-3-300x157.jpg 300w, https:\/\/kultura.koczala.pl\/biblioteka\/wp-content\/uploads\/sites\/3\/2021\/03\/grafika-nr-3-768x402.jpg 768w, https:\/\/kultura.koczala.pl\/biblioteka\/wp-content\/uploads\/sites\/3\/2021\/03\/grafika-nr-3-1536x804.jpg 1536w, https:\/\/kultura.koczala.pl\/biblioteka\/wp-content\/uploads\/sites\/3\/2021\/03\/grafika-nr-3-2048x1072.jpg 2048w\" sizes=\"(max-width: 1024px) 100vw, 1024px\" \/><\/figure>\n","protected":false},"author":2,"featured_media":272,"parent":0,"template":"","_links":{"self":[{"href":"https:\/\/kultura.koczala.pl\/biblioteka\/wp-json\/wp\/v2\/aktualnosci\/271"}],"collection":[{"href":"https:\/\/kultura.koczala.pl\/biblioteka\/wp-json\/wp\/v2\/aktualnosci"}],"about":[{"href":"https:\/\/kultura.koczala.pl\/biblioteka\/wp-json\/wp\/v2\/types\/aktualnosci"}],"author":[{"embeddable":true,"href":"https:\/\/kultura.koczala.pl\/biblioteka\/wp-json\/wp\/v2\/users\/2"}],"version-history":[{"count":1,"href":"https:\/\/kultura.koczala.pl\/biblioteka\/wp-json\/wp\/v2\/aktualnosci\/271\/revisions"}],"predecessor-version":[{"id":273,"href":"https:\/\/kultura.koczala.pl\/biblioteka\/wp-json\/wp\/v2\/aktualnosci\/271\/revisions\/273"}],"wp:featuredmedia":[{"embeddable":true,"href":"https:\/\/kultura.koczala.pl\/biblioteka\/wp-json\/wp\/v2\/media\/272"}],"wp:attachment":[{"href":"https:\/\/kultura.koczala.pl\/biblioteka\/wp-json\/wp\/v2\/media?parent=271"}],"curies":[{"name":"wp","href":"https:\/\/api.w.org\/{rel}","templated":true}]}}

<p><strong><em>1 kwietnia w całej Polsce rozpoczyna się Narodowy Spis Powszechny Ludności i Mieszkań. </em></strong><em>Podstawową formą udziału w spisie jest <strong>samospis internetowy</strong>. Wystarczy wejść na stronę <a href="https://spis.gov.pl/">spis.gov.pl</a> i wypełnić elektroniczny formularz. Na tej stronie podany jest również numer telefonu na infolinię, gdzie można uzyskać dodatkowe informacje lub dokonać spisu przez telefon. <strong>Udział w spisie jest obowiązkowy</strong> i obejmuje wszystkich mieszkańców.</em></p>



<figure class="wp-block-image size-large"><img loading="lazy" decoding="async" width="1024" height="536" src="https://kultura.koczala.pl/biblioteka/wp-content/uploads/sites/3/2021/03/grafika-nr-3-1024x536.jpg" alt="" class="wp-image-272" srcset="https://kultura.koczala.pl/biblioteka/wp-content/uploads/sites/3/2021/03/grafika-nr-3-1024x536.jpg 1024w, https://kultura.koczala.pl/biblioteka/wp-content/uploads/sites/3/2021/03/grafika-nr-3-300x157.jpg 300w, https://kultura.koczala.pl/biblioteka/wp-content/uploads/sites/3/2021/03/grafika-nr-3-768x402.jpg 768w, https://kultura.koczala.pl/biblioteka/wp-content/uploads/sites/3/2021/03/grafika-nr-3-1536x804.jpg 1536w, https://kultura.koczala.pl/biblioteka/wp-content/uploads/sites/3/2021/03/grafika-nr-3-2048x1072.jpg 2048w" sizes="(max-width: 1024px) 100vw, 1024px" /></figure>
