{"id":267,"date":"2021-03-12T11:37:22","date_gmt":"2021-03-12T10:37:22","guid":{"rendered":"https:\/\/kultura.koczala.pl\/biblioteka\/?post_type=aktualnosci&#038;p=267"},"modified":"2021-03-12T11:37:22","modified_gmt":"2021-03-12T10:37:22","slug":"aktualizacja-od-13-marca","status":"publish","type":"aktualnosci","link":"https:\/\/kultura.koczala.pl\/biblioteka\/aktualnosci\/aktualizacja-od-13-marca\/","title":{"rendered":"Aktualizacja od 13 marca!"},"content":{"rendered":"\n<p>UWAGA! AKTUALIZACJA!<\/p>\n\n\n\n<p>NOWE ZASADY DZIA\u0141ANIA BIBLIOTEKI OD 13 MARCA DO ODWO\u0141ANIA!<\/p>\n\n\n\n<p>Biblioteka w Koczale od 13 marca do odwo\u0142ania ogranicza wolny dost\u0119p do ksi\u0119gozbioru.<\/p>\n\n\n\n<p>Na zam\u00f3wione ksi\u0105\u017cki prosimy oczekiwa\u0107 W KORYTARZU BIBLIOTEKI &#8211; zostan\u0105 one przekazane przez Bibliotekarza w spos\u00f3b bezdotykowy.<\/p>\n\n\n\n<p>W pomieszczeniach Biblioteki nie mo\u017ce przebywa\u0107 wi\u0119cej ni\u017c 1 osoba na 15 m\u00b2 powierzchni takiego pomieszczenia, z wy\u0142\u0105czeniem bibliotekarzy. Obowi\u0105zkowa maseczka i dezynfekcja d\u0142oni!<\/p>\n\n\n\n<p>Zalecamy wcze\u015bniejsz\u0105 rezerwacj\u0119 zbior\u00f3w poprzez konto w katalogu on-line lub telefon do bibliotekarza. Zach\u0119camy do wypo\u017cyczania wi\u0119kszej ilo\u015bci ksi\u0105\u017cek &#8211; termin zwrotu wyd\u0142u\u017cony do 2msc. Polecamy pobieranie kod\u00f3w do Legimi i czytanie poprzez e-booki i audiobooki (uwaga, ilo\u015b\u0107 kod\u00f3w ograniczona w miesi\u0105cu.)<\/p>\n\n\n\n<p>Prosimy o kontakt telefoniczny pod nr tel 59-8574-348 LUB 698-70-25-23 \/ 510-136-924.<\/p>\n","protected":false},"author":2,"featured_media":268,"parent":0,"template":"","_links":{"self":[{"href":"https:\/\/kultura.koczala.pl\/biblioteka\/wp-json\/wp\/v2\/aktualnosci\/267"}],"collection":[{"href":"https:\/\/kultura.koczala.pl\/biblioteka\/wp-json\/wp\/v2\/aktualnosci"}],"about":[{"href":"https:\/\/kultura.koczala.pl\/biblioteka\/wp-json\/wp\/v2\/types\/aktualnosci"}],"author":[{"embeddable":true,"href":"https:\/\/kultura.koczala.pl\/biblioteka\/wp-json\/wp\/v2\/users\/2"}],"version-history":[{"count":1,"href":"https:\/\/kultura.koczala.pl\/biblioteka\/wp-json\/wp\/v2\/aktualnosci\/267\/revisions"}],"predecessor-version":[{"id":269,"href":"https:\/\/kultura.koczala.pl\/biblioteka\/wp-json\/wp\/v2\/aktualnosci\/267\/revisions\/269"}],"wp:featuredmedia":[{"embeddable":true,"href":"https:\/\/kultura.koczala.pl\/biblioteka\/wp-json\/wp\/v2\/media\/268"}],"wp:attachment":[{"href":"https:\/\/kultura.koczala.pl\/biblioteka\/wp-json\/wp\/v2\/media?parent=267"}],"curies":[{"name":"wp","href":"https:\/\/api.w.org\/{rel}","templated":true}]}}

<p>UWAGA! AKTUALIZACJA!</p>



<p>NOWE ZASADY DZIAŁANIA BIBLIOTEKI OD 13 MARCA DO ODWOŁANIA!</p>



<p>Biblioteka w Koczale od 13 marca do odwołania ogranicza wolny dostęp do księgozbioru.</p>



<p>Na zamówione książki prosimy oczekiwać W KORYTARZU BIBLIOTEKI &#8211; zostaną one przekazane przez Bibliotekarza w sposób bezdotykowy.</p>



<p>W pomieszczeniach Biblioteki nie może przebywać więcej niż 1 osoba na 15 m² powierzchni takiego pomieszczenia, z wyłączeniem bibliotekarzy. Obowiązkowa maseczka i dezynfekcja dłoni!</p>



<p>Zalecamy wcześniejszą rezerwację zbiorów poprzez konto w katalogu on-line lub telefon do bibliotekarza. Zachęcamy do wypożyczania większej ilości książek &#8211; termin zwrotu wydłużony do 2msc. Polecamy pobieranie kodów do Legimi i czytanie poprzez e-booki i audiobooki (uwaga, ilość kodów ograniczona w miesiącu.)</p>



<p>Prosimy o kontakt telefoniczny pod nr tel 59-8574-348 LUB 698-70-25-23 / 510-136-924.</p>
