{"id":261,"date":"2021-01-30T14:36:55","date_gmt":"2021-01-30T13:36:55","guid":{"rendered":"https:\/\/kultura.koczala.pl\/biblioteka\/?post_type=aktualnosci&#038;p=261"},"modified":"2021-01-30T14:36:55","modified_gmt":"2021-01-30T13:36:55","slug":"konkurs-twoj-ulubiony-bohater-literacki","status":"publish","type":"aktualnosci","link":"https:\/\/kultura.koczala.pl\/biblioteka\/aktualnosci\/konkurs-twoj-ulubiony-bohater-literacki\/","title":{"rendered":"KONKURS \u201eTW\u00d3J ULUBIONY BOHATER LITERACKI\u201d"},"content":{"rendered":"\n<p><strong>UWAGA KONKURS!<\/strong><\/p>\n\n\n\n<p>KONKURS NA NAJPI\u0118KNIEJSZY STR\u00d3J KARNAWA\u0141OWY \u201eTW\u00d3J ULUBIONY BOHATER LITERACKI\u201d dla mieszka\u0144c\u00f3w gminy Kocza\u0142a i czytelnik\u00f3w GBP w Koczale<\/p>\n\n\n\n<figure class=\"wp-block-image size-large\"><img loading=\"lazy\" decoding=\"async\" width=\"940\" height=\"788\" src=\"https:\/\/kultura.koczala.pl\/biblioteka\/wp-content\/uploads\/sites\/3\/2021\/01\/1-1.png\" alt=\"\" class=\"wp-image-264\" srcset=\"https:\/\/kultura.koczala.pl\/biblioteka\/wp-content\/uploads\/sites\/3\/2021\/01\/1-1.png 940w, https:\/\/kultura.koczala.pl\/biblioteka\/wp-content\/uploads\/sites\/3\/2021\/01\/1-1-300x251.png 300w, https:\/\/kultura.koczala.pl\/biblioteka\/wp-content\/uploads\/sites\/3\/2021\/01\/1-1-768x644.png 768w\" sizes=\"(max-width: 940px) 100vw, 940px\" \/><\/figure>\n\n\n\n<p><strong>CO ZROBI\u0106?<\/strong><\/p>\n\n\n\n<p>Stw\u00f3rz str\u00f3j pt. Tw\u00f3j ulubiony bohater literacki. W\u0142\u00f3\u017c str\u00f3j i zr\u00f3b sobie najpi\u0119kniejsze zdj\u0119cie, jakie tylko potrafisz (oczywi\u015bcie mo\u017cesz poprosi\u0107 kogo\u015b o pomoc). Prze\u015blij zdj\u0119cie wraz z podpisem IMI\u0118, WIEK, NAZWA POSTACI np. ALA, LAT 13, PIOTRU\u015a PAN. Mo\u017cesz umie\u015bci\u0107 je pod tym postem lub przes\u0142a\u0107&nbsp; na adres: a.jankiewicz@koczala.pl . Pracownik Biblioteki opublikuje je na Facebooku w Twoim imieniu.<\/p>\n\n\n\n<p>KONIECZNIE! Popro\u015b rodzica o wype\u0142nienie karty zg\u0142oszeniowej. Mo\u017cna j\u0105 wydrukowa\u0107 samemu i przes\u0142a\u0107 na adres <a href=\"mailto:a.jankiewicz@koczala.pl\">a.jankiewicz@koczala.pl<\/a> lub pobra\u0107 osobi\u015bcie w Bibliotece. Zdj\u0119cia bez wype\u0142nionego zg\u0142oszenia NIE B\u0118D\u0104 brane pod uwag\u0119 przy ocenie prac.<\/p>\n\n\n\n<p><strong>DO KIEDY?<\/strong><\/p>\n\n\n\n<p>Do 13 lutego.<\/p>\n\n\n\n<p><strong>CO MO\u017bNA WYGRA\u0106?<\/strong><\/p>\n\n\n\n<p>Prace b\u0119d\u0119 oceniane w dw\u00f3ch kategoriach:&nbsp; I KATEGORIA (0-9 LAT), II KATEGORIA (10-15 LAT).<\/p>\n\n\n\n<p>W ka\u017cdej kategorii zostan\u0105 przyznane nagrody:<\/p>\n\n\n\n<p>I miejsce \u2013 nagroda rzeczowa o warto\u015bci 100 z\u0142;*<\/p>\n\n\n\n<p>II miejsce \u2013 nagroda rzeczowa o warto\u015bci 60 z\u0142;*<\/p>\n\n\n\n<p>III miejsce &#8211; nagroda &nbsp;rzeczowa o warto\u015bci 30 z\u0142.*<\/p>\n\n\n\n<p>*Ka\u017cda nagroda zostanie wcze\u015bniej uzgodnione ze zwyci\u0119zc\u0105 oraz rodzicem.<\/p>\n\n\n\n<p>Jury zastrzega sobie mo\u017cliwo\u015b\u0107 przyznania dodatkowych nagr\u00f3d lub wyr\u00f3\u017cnie\u0144.<\/p>\n\n\n\n<p>Przeczytaj tak\u017ce PE\u0141EN Regulamin oraz ZGODY. Dost\u0119pne tak\u017ce w Bibliotece.<\/p>\n\n\n\n<div class=\"wp-block-file\"><a href=\"https:\/\/kultura.koczala.pl\/biblioteka\/wp-content\/uploads\/sites\/3\/2021\/01\/KONKURS-NA-NAJPIEKNIEJSZY-STROJ-KARNAWALOWY.pdf\">Regulamin Konkursu<\/a><a href=\"https:\/\/kultura.koczala.pl\/biblioteka\/wp-content\/uploads\/sites\/3\/2021\/01\/KONKURS-NA-NAJPIEKNIEJSZY-STROJ-KARNAWALOWY.pdf\" class=\"wp-block-file__button\" download>Pobierz<\/a><\/div>\n\n\n\n<div class=\"wp-block-file\"><a href=\"https:\/\/kultura.koczala.pl\/biblioteka\/wp-content\/uploads\/sites\/3\/2021\/01\/ZGODA-NA-PRZETWARZANIE-DANYCH-OSOBOWYCH-UCZESTNIKA-KONKURSU-STROJ-2021.pdf\">Zgoda Rodzica\/Opiekuna<\/a><a href=\"https:\/\/kultura.koczala.pl\/biblioteka\/wp-content\/uploads\/sites\/3\/2021\/01\/ZGODA-NA-PRZETWARZANIE-DANYCH-OSOBOWYCH-UCZESTNIKA-KONKURSU-STROJ-2021.pdf\" class=\"wp-block-file__button\" download>Pobierz<\/a><\/div>\n\n\n\n<p><strong>Og\u0142oszenie wynik\u00f3w nast\u0105pi w\u00a0dniu 20 lutego 2021.<\/strong><\/p>\n","protected":false},"author":2,"featured_media":264,"parent":0,"template":"","_links":{"self":[{"href":"https:\/\/kultura.koczala.pl\/biblioteka\/wp-json\/wp\/v2\/aktualnosci\/261"}],"collection":[{"href":"https:\/\/kultura.koczala.pl\/biblioteka\/wp-json\/wp\/v2\/aktualnosci"}],"about":[{"href":"https:\/\/kultura.koczala.pl\/biblioteka\/wp-json\/wp\/v2\/types\/aktualnosci"}],"author":[{"embeddable":true,"href":"https:\/\/kultura.koczala.pl\/biblioteka\/wp-json\/wp\/v2\/users\/2"}],"version-history":[{"count":1,"href":"https:\/\/kultura.koczala.pl\/biblioteka\/wp-json\/wp\/v2\/aktualnosci\/261\/revisions"}],"predecessor-version":[{"id":265,"href":"https:\/\/kultura.koczala.pl\/biblioteka\/wp-json\/wp\/v2\/aktualnosci\/261\/revisions\/265"}],"wp:featuredmedia":[{"embeddable":true,"href":"https:\/\/kultura.koczala.pl\/biblioteka\/wp-json\/wp\/v2\/media\/264"}],"wp:attachment":[{"href":"https:\/\/kultura.koczala.pl\/biblioteka\/wp-json\/wp\/v2\/media?parent=261"}],"curies":[{"name":"wp","href":"https:\/\/api.w.org\/{rel}","templated":true}]}}

KONKURS „TWÓJ ULUBIONY BOHATER LITERACKI”

<p><strong>UWAGA KONKURS!</strong></p>



<p>KONKURS NA NAJPIĘKNIEJSZY STRÓJ KARNAWAŁOWY „TWÓJ ULUBIONY BOHATER LITERACKI” dla mieszkańców gminy Koczała i czytelników GBP w Koczale</p>



<figure class="wp-block-image size-large"><img loading="lazy" decoding="async" width="940" height="788" src="https://kultura.koczala.pl/biblioteka/wp-content/uploads/sites/3/2021/01/1-1.png" alt="" class="wp-image-264" srcset="https://kultura.koczala.pl/biblioteka/wp-content/uploads/sites/3/2021/01/1-1.png 940w, https://kultura.koczala.pl/biblioteka/wp-content/uploads/sites/3/2021/01/1-1-300x251.png 300w, https://kultura.koczala.pl/biblioteka/wp-content/uploads/sites/3/2021/01/1-1-768x644.png 768w" sizes="(max-width: 940px) 100vw, 940px" /></figure>



<p><strong>CO ZROBIĆ?</strong></p>



<p>Stwórz strój pt. Twój ulubiony bohater literacki. Włóż strój i zrób sobie najpiękniejsze zdjęcie, jakie tylko potrafisz (oczywiście możesz poprosić kogoś o pomoc). Prześlij zdjęcie wraz z podpisem IMIĘ, WIEK, NAZWA POSTACI np. ALA, LAT 13, PIOTRUŚ PAN. Możesz umieścić je pod tym postem lub przesłać&nbsp; na adres: a.jankiewicz@koczala.pl . Pracownik Biblioteki opublikuje je na Facebooku w Twoim imieniu.</p>



<p>KONIECZNIE! Poproś rodzica o wypełnienie karty zgłoszeniowej. Można ją wydrukować samemu i przesłać na adres <a href="mailto:a.jankiewicz@koczala.pl">a.jankiewicz@koczala.pl</a> lub pobrać osobiście w Bibliotece. Zdjęcia bez wypełnionego zgłoszenia NIE BĘDĄ brane pod uwagę przy ocenie prac.</p>



<p><strong>DO KIEDY?</strong></p>



<p>Do 13 lutego.</p>



<p><strong>CO MOŻNA WYGRAĆ?</strong></p>



<p>Prace będę oceniane w dwóch kategoriach:&nbsp; I KATEGORIA (0-9 LAT), II KATEGORIA (10-15 LAT).</p>



<p>W każdej kategorii zostaną przyznane nagrody:</p>



<p>I miejsce – nagroda rzeczowa o wartości 100 zł;*</p>



<p>II miejsce – nagroda rzeczowa o wartości 60 zł;*</p>



<p>III miejsce &#8211; nagroda &nbsp;rzeczowa o wartości 30 zł.*</p>



<p>*Każda nagroda zostanie wcześniej uzgodnione ze zwycięzcą oraz rodzicem.</p>



<p>Jury zastrzega sobie możliwość przyznania dodatkowych nagród lub wyróżnień.</p>



<p>Przeczytaj także PEŁEN Regulamin oraz ZGODY. Dostępne także w Bibliotece.</p>



<div class="wp-block-file"><a href="https://kultura.koczala.pl/biblioteka/wp-content/uploads/sites/3/2021/01/KONKURS-NA-NAJPIEKNIEJSZY-STROJ-KARNAWALOWY.pdf">Regulamin Konkursu</a><a href="https://kultura.koczala.pl/biblioteka/wp-content/uploads/sites/3/2021/01/KONKURS-NA-NAJPIEKNIEJSZY-STROJ-KARNAWALOWY.pdf" class="wp-block-file__button" download>Pobierz</a></div>



<div class="wp-block-file"><a href="https://kultura.koczala.pl/biblioteka/wp-content/uploads/sites/3/2021/01/ZGODA-NA-PRZETWARZANIE-DANYCH-OSOBOWYCH-UCZESTNIKA-KONKURSU-STROJ-2021.pdf">Zgoda Rodzica/Opiekuna</a><a href="https://kultura.koczala.pl/biblioteka/wp-content/uploads/sites/3/2021/01/ZGODA-NA-PRZETWARZANIE-DANYCH-OSOBOWYCH-UCZESTNIKA-KONKURSU-STROJ-2021.pdf" class="wp-block-file__button" download>Pobierz</a></div>



<p><strong>Ogłoszenie wyników nastąpi w dniu 20 lutego 2021.</strong></p>
